{"id":6,"date":"2016-09-12T13:20:08","date_gmt":"2016-09-12T11:20:08","guid":{"rendered":"http:\/\/votre-carreleur.com\/?page_id=6"},"modified":"2018-01-08T10:23:15","modified_gmt":"2018-01-08T09:23:15","slug":"presentation-de-lassociation","status":"publish","type":"page","link":"https:\/\/votre-carreleur.com\/index.php\/presentation-de-lassociation\/","title":{"rendered":"Pr\u00e9sentation de l&rsquo;association"},"content":{"rendered":"<div id=\"pl-6\"  class=\"panel-layout\" ><div id=\"pg-6-0\"  class=\"panel-grid panel-no-style\" ><div id=\"pgc-6-0-0\"  class=\"panel-grid-cell\" ><div id=\"panel-6-0-0-0\" class=\"so-panel widget widget_sow-editor panel-first-child panel-last-child\" data-index=\"0\" ><div class=\"so-widget-sow-editor so-widget-sow-editor-base\">\n<div class=\"siteorigin-widget-tinymce textwidget\">\n\t<h2><i class=\"wp-svg-checkmark checkmark\"><\/i> Un objectif<\/h2>\n<hr \/>\n<div class=\"su-animate\" style=\"opacity:0;-webkit-animation-duration:2s;-webkit-animation-delay:0s;animation-duration:2s;animation-delay:0s;\" data-animation=\"fadeInLeft\" data-duration=\"2\" data-delay=\"0\">Faire valoir le savoir-faire de la profession, avec, en filigrane, la solidarit\u00e9, les \u00e9changes de comp\u00e9tences et le respect du travail, des clients et des partenaires.<\/div>\n<\/div>\n<\/div><\/div><\/div><div id=\"pgc-6-0-1\"  class=\"panel-grid-cell\" ><div id=\"panel-6-0-1-0\" class=\"so-panel widget widget_sow-editor panel-first-child panel-last-child\" data-index=\"1\" ><div class=\"so-widget-sow-editor so-widget-sow-editor-base\">\n<div class=\"siteorigin-widget-tinymce textwidget\">\n\t<h2><i class=\"wp-svg-users users\"><\/i>\u00a0Quels ont \u00e9t\u00e9 les r\u00e9sultats concrets de notre action ?\u00a0<\/h2>\n<hr \/>\n<div class=\"su-animate\" style=\"opacity:0;-webkit-animation-duration:2s;-webkit-animation-delay:0s;animation-duration:2s;animation-delay:0s;\" data-animation=\"fadeInRight\" data-duration=\"2\" data-delay=\"0\"> En r\u00e9gion toulousaine, les carreleurs sont aujourd\u2019hui reconnus comme des professionnels \u00e0 part enti\u00e8re. Nous regrouper, nous a donc ouvert l\u2019acc\u00e8s \u00e0 des chantiers de volume plus important.\u00a0<\/div>\n<p>\u00a0<\/p>\n<\/div>\n<\/div><\/div><\/div><\/div><div id=\"pg-6-1\"  class=\"panel-grid panel-no-style\" ><div id=\"pgc-6-1-0\"  class=\"panel-grid-cell\" ><div id=\"panel-6-1-0-0\" class=\"so-panel widget widget_sow-editor panel-first-child panel-last-child\" data-index=\"2\" ><div class=\"so-widget-sow-editor so-widget-sow-editor-base\">\n<div class=\"siteorigin-widget-tinymce textwidget\">\n\t<h2><i class=\"wp-svg-link link\"><\/i>\u00a0A quoi tient la long\u00e9vit\u00e9 de l\u2019Association ?\u00a0<\/h2>\n<hr \/>\n<div class=\"su-animate\" style=\"opacity:0;-webkit-animation-duration:2s;-webkit-animation-delay:0s;animation-duration:2s;animation-delay:0s;\" data-animation=\"fadeInLeft\" data-duration=\"2\" data-delay=\"0\">Incontestablement, \u00e0 notre mode de fonctionnement, aux valeurs que nous partageons et \u00e0 la solidarit\u00e9 qui nous unit.\u00a0 La valeur et la qualit\u00e9 du travail ne peut qu\u2019en \u00eatre grandie. Les r\u00e8gles de fonctionnement de \"Votre Carreleur\" sont intimement m\u00eal\u00e9es \u00e0 l\u2019\u00e9thique que nous avons.<\/div>\n<\/div>\n<\/div><\/div><\/div><div id=\"pgc-6-1-1\"  class=\"panel-grid-cell\" ><div id=\"panel-6-1-1-0\" class=\"so-panel widget widget_sow-editor panel-first-child panel-last-child\" data-index=\"3\" ><div class=\"so-widget-sow-editor so-widget-sow-editor-base\">\n<div class=\"siteorigin-widget-tinymce textwidget\">\n\t<h2><i class=\"wp-svg-calendar calendar\"><\/i>\u00a0Comment envisager l\u2019avenir ?<\/h2>\n<div class=\"su-animate\" style=\"opacity:0;-webkit-animation-duration:2s;-webkit-animation-delay:0s;animation-duration:2s;animation-delay:0s;\" data-animation=\"fadeInRight\" data-duration=\"2\" data-delay=\"0\"> C\u2019est un sujet d\u2019actualit\u00e9 et une r\u00e9elle pr\u00e9occupation. La population artisanale vieillit. Tous m\u00e9tiers confondus, 45 % des artisans qui exercent aujourd\u2019hui prendront leur retraite dans les 5 ann\u00e9es \u00e0 venir. Parall\u00e8lement, le taux de remplacement n\u2019est estim\u00e9 qu\u2019\u00e0 10 %. Bien s\u00fbr, il y a des demandes de jeunes\u00a0d\u00e9sireux d\u2019apprendre le m\u00e9tier de carreleur par la voie de l\u2019apprentissage, mais il nous manque le potentiel d\u2019entreprises artisanales pour les accueillir. C\u2019est pour cela que nous nous engageons \u00e0 \u00e9tudier les textes r\u00e9gissant l\u2019apprentissage. Notre but est d\u2019imaginer une solution nous autorisant \u00e0 nous grouper \u00e0 2 ou 3 entreprises pour accompagner un apprenti. De plus, cela permettrait au jeune d\u2019explorer un plus large \u00e9ventail de comp\u00e9tences et de devenir un professionnel qualifi\u00e9.<\/div>\n<p>\u00a0<\/p>\n<p>\u00a0<\/p>\n<\/div>\n<\/div><\/div><\/div><\/div><\/div>","protected":false},"excerpt":{"rendered":"<p>Un objectif \u00a0Quels ont \u00e9t\u00e9 les r\u00e9sultats concrets de notre action ?\u00a0\u00a0 \u00a0A quoi tient la long\u00e9vit\u00e9 de l\u2019Association ?\u00a0 \u00a0Comment envisager l\u2019avenir ?\u00a0\u00a0<\/p>\n","protected":false},"author":1,"featured_media":0,"parent":0,"menu_order":0,"comment_status":"closed","ping_status":"closed","template":"","meta":[],"yoast_head":"<!-- This site is optimized with the Yoast SEO plugin v18.0 - https:\/\/yoast.com\/wordpress\/plugins\/seo\/ -->\n<title>Pr\u00e9sentation de l&#039;association - Votre Carreleur<\/title>\n<meta name=\"robots\" content=\"index, follow, max-snippet:-1, max-image-preview:large, max-video-preview:-1\" \/>\n<link rel=\"canonical\" href=\"https:\/\/votre-carreleur.com\/index.php\/presentation-de-lassociation\/\" \/>\n<meta property=\"og:locale\" content=\"fr_FR\" \/>\n<meta property=\"og:type\" content=\"article\" \/>\n<meta property=\"og:title\" content=\"Pr\u00e9sentation de l&#039;association - Votre Carreleur\" \/>\n<meta property=\"og:description\" content=\"Un objectif \u00a0Quels ont \u00e9t\u00e9 les r\u00e9sultats concrets de notre action ?\u00a0\u00a0 \u00a0A quoi tient la long\u00e9vit\u00e9 de l\u2019Association ?\u00a0 \u00a0Comment envisager l\u2019avenir ?\u00a0\u00a0\" \/>\n<meta property=\"og:url\" content=\"https:\/\/votre-carreleur.com\/index.php\/presentation-de-lassociation\/\" \/>\n<meta property=\"og:site_name\" content=\"Votre Carreleur\" \/>\n<meta property=\"article:modified_time\" content=\"2018-01-08T09:23:15+00:00\" \/>\n<meta name=\"twitter:card\" content=\"summary\" \/>\n<meta name=\"twitter:label1\" content=\"Dur\u00e9e de lecture estim\u00e9e\" \/>\n\t<meta name=\"twitter:data1\" content=\"2 minutes\" \/>\n<script type=\"application\/ld+json\" class=\"yoast-schema-graph\">{\"@context\":\"https:\/\/schema.org\",\"@graph\":[{\"@type\":\"WebSite\",\"@id\":\"https:\/\/votre-carreleur.com\/#website\",\"url\":\"https:\/\/votre-carreleur.com\/\",\"name\":\"Votre Carreleur\",\"description\":\"Des professionnels solidaires et fiers de leur m\u00e9tier\",\"potentialAction\":[{\"@type\":\"SearchAction\",\"target\":{\"@type\":\"EntryPoint\",\"urlTemplate\":\"https:\/\/votre-carreleur.com\/?s={search_term_string}\"},\"query-input\":\"required name=search_term_string\"}],\"inLanguage\":\"fr-FR\"},{\"@type\":\"WebPage\",\"@id\":\"https:\/\/votre-carreleur.com\/index.php\/presentation-de-lassociation\/#webpage\",\"url\":\"https:\/\/votre-carreleur.com\/index.php\/presentation-de-lassociation\/\",\"name\":\"Pr\u00e9sentation de l'association - Votre Carreleur\",\"isPartOf\":{\"@id\":\"https:\/\/votre-carreleur.com\/#website\"},\"datePublished\":\"2016-09-12T11:20:08+00:00\",\"dateModified\":\"2018-01-08T09:23:15+00:00\",\"breadcrumb\":{\"@id\":\"https:\/\/votre-carreleur.com\/index.php\/presentation-de-lassociation\/#breadcrumb\"},\"inLanguage\":\"fr-FR\",\"potentialAction\":[{\"@type\":\"ReadAction\",\"target\":[\"https:\/\/votre-carreleur.com\/index.php\/presentation-de-lassociation\/\"]}]},{\"@type\":\"BreadcrumbList\",\"@id\":\"https:\/\/votre-carreleur.com\/index.php\/presentation-de-lassociation\/#breadcrumb\",\"itemListElement\":[{\"@type\":\"ListItem\",\"position\":1,\"name\":\"Accueil\",\"item\":\"https:\/\/votre-carreleur.com\/\"},{\"@type\":\"ListItem\",\"position\":2,\"name\":\"Pr\u00e9sentation de l&rsquo;association\"}]}]}<\/script>\n<!-- \/ Yoast SEO plugin. -->","yoast_head_json":{"title":"Pr\u00e9sentation de l'association - Votre Carreleur","robots":{"index":"index","follow":"follow","max-snippet":"max-snippet:-1","max-image-preview":"max-image-preview:large","max-video-preview":"max-video-preview:-1"},"canonical":"https:\/\/votre-carreleur.com\/index.php\/presentation-de-lassociation\/","og_locale":"fr_FR","og_type":"article","og_title":"Pr\u00e9sentation de l'association - Votre Carreleur","og_description":"Un objectif \u00a0Quels ont \u00e9t\u00e9 les r\u00e9sultats concrets de notre action ?\u00a0\u00a0 \u00a0A quoi tient la long\u00e9vit\u00e9 de l\u2019Association ?\u00a0 \u00a0Comment envisager l\u2019avenir ?\u00a0\u00a0","og_url":"https:\/\/votre-carreleur.com\/index.php\/presentation-de-lassociation\/","og_site_name":"Votre Carreleur","article_modified_time":"2018-01-08T09:23:15+00:00","twitter_card":"summary","twitter_misc":{"Dur\u00e9e de lecture estim\u00e9e":"2 minutes"},"schema":{"@context":"https:\/\/schema.org","@graph":[{"@type":"WebSite","@id":"https:\/\/votre-carreleur.com\/#website","url":"https:\/\/votre-carreleur.com\/","name":"Votre Carreleur","description":"Des professionnels solidaires et fiers de leur m\u00e9tier","potentialAction":[{"@type":"SearchAction","target":{"@type":"EntryPoint","urlTemplate":"https:\/\/votre-carreleur.com\/?s={search_term_string}"},"query-input":"required name=search_term_string"}],"inLanguage":"fr-FR"},{"@type":"WebPage","@id":"https:\/\/votre-carreleur.com\/index.php\/presentation-de-lassociation\/#webpage","url":"https:\/\/votre-carreleur.com\/index.php\/presentation-de-lassociation\/","name":"Pr\u00e9sentation de l'association - Votre Carreleur","isPartOf":{"@id":"https:\/\/votre-carreleur.com\/#website"},"datePublished":"2016-09-12T11:20:08+00:00","dateModified":"2018-01-08T09:23:15+00:00","breadcrumb":{"@id":"https:\/\/votre-carreleur.com\/index.php\/presentation-de-lassociation\/#breadcrumb"},"inLanguage":"fr-FR","potentialAction":[{"@type":"ReadAction","target":["https:\/\/votre-carreleur.com\/index.php\/presentation-de-lassociation\/"]}]},{"@type":"BreadcrumbList","@id":"https:\/\/votre-carreleur.com\/index.php\/presentation-de-lassociation\/#breadcrumb","itemListElement":[{"@type":"ListItem","position":1,"name":"Accueil","item":"https:\/\/votre-carreleur.com\/"},{"@type":"ListItem","position":2,"name":"Pr\u00e9sentation de l&rsquo;association"}]}]}},"_links":{"self":[{"href":"https:\/\/votre-carreleur.com\/index.php\/wp-json\/wp\/v2\/pages\/6"}],"collection":[{"href":"https:\/\/votre-carreleur.com\/index.php\/wp-json\/wp\/v2\/pages"}],"about":[{"href":"https:\/\/votre-carreleur.com\/index.php\/wp-json\/wp\/v2\/types\/page"}],"author":[{"embeddable":true,"href":"https:\/\/votre-carreleur.com\/index.php\/wp-json\/wp\/v2\/users\/1"}],"replies":[{"embeddable":true,"href":"https:\/\/votre-carreleur.com\/index.php\/wp-json\/wp\/v2\/comments?post=6"}],"version-history":[{"count":11,"href":"https:\/\/votre-carreleur.com\/index.php\/wp-json\/wp\/v2\/pages\/6\/revisions"}],"predecessor-version":[{"id":201,"href":"https:\/\/votre-carreleur.com\/index.php\/wp-json\/wp\/v2\/pages\/6\/revisions\/201"}],"wp:attachment":[{"href":"https:\/\/votre-carreleur.com\/index.php\/wp-json\/wp\/v2\/media?parent=6"}],"curies":[{"name":"wp","href":"https:\/\/api.w.org\/{rel}","templated":true}]}}